{"id":2587,"date":"2024-11-11T10:21:17","date_gmt":"2024-11-11T09:21:17","guid":{"rendered":"https:\/\/www.mobilfest.eu\/festival\/?page_id=2587"},"modified":"2024-11-11T10:21:17","modified_gmt":"2024-11-11T09:21:17","slug":"sutazne-fotografie-2024","status":"publish","type":"page","link":"https:\/\/www.mobilfest.eu\/festival\/sutazne-fotografie-2024\/","title":{"rendered":"S\u00fa\u0165a\u017en\u00e9 fotografie 2024"},"content":{"rendered":"","protected":false},"excerpt":{"rendered":"","protected":false},"author":4,"featured_media":0,"parent":0,"menu_order":0,"comment_status":"closed","ping_status":"closed","template":"100-width.php","meta":{"footnotes":""},"class_list":["post-2587","page","type-page","status-publish","hentry"],"aioseo_notices":[],"_links":{"self":[{"href":"https:\/\/www.mobilfest.eu\/festival\/wp-json\/wp\/v2\/pages\/2587","targetHints":{"allow":["GET"]}}],"collection":[{"href":"https:\/\/www.mobilfest.eu\/festival\/wp-json\/wp\/v2\/pages"}],"about":[{"href":"https:\/\/www.mobilfest.eu\/festival\/wp-json\/wp\/v2\/types\/page"}],"author":[{"embeddable":true,"href":"https:\/\/www.mobilfest.eu\/festival\/wp-json\/wp\/v2\/users\/4"}],"replies":[{"embeddable":true,"href":"https:\/\/www.mobilfest.eu\/festival\/wp-json\/wp\/v2\/comments?post=2587"}],"version-history":[{"count":1,"href":"https:\/\/www.mobilfest.eu\/festival\/wp-json\/wp\/v2\/pages\/2587\/revisions"}],"predecessor-version":[{"id":2588,"href":"https:\/\/www.mobilfest.eu\/festival\/wp-json\/wp\/v2\/pages\/2587\/revisions\/2588"}],"wp:attachment":[{"href":"https:\/\/www.mobilfest.eu\/festival\/wp-json\/wp\/v2\/media?parent=2587"}],"curies":[{"name":"wp","href":"https:\/\/api.w.org\/{rel}","templated":true}]}}